*k, -5*k + 5 = 0. Let y(t) = -t**2 - 13*t + 9. What is y(o)?
21
Let y = 32 + -33. Let b(t) = t + 1. Let a(x) = -11*x - 3. Let f(s) = y*a(s) - 4*b(s). Calculate f(1).
6
Let u(o) be the first derivative of 4/3*o**3 - 6 + 5*o + 2*o**2 - 1/4*o**4. Calculate u(5).
0
Let t(x) = 7*x**3 + 15*x**2 - 62 + 42 + x - 8*x**3. What is t(15)?
-5
Let d(s) = -2*s - 4*s + 3 + 0*s. Let v(o) = 2*o - 16 + 15 - o. Let l be v(4). What is d(l)?
-15
Let j(r) be the first derivative of r**3/3 - r**2 - 10*r - 227. Determine j(6).
14
Let d = 18 + -15. Let p be (d + -1 - -15) + -1. Let l = 10 - p. Let z(x) = -x. Determine z(l).
6
Let q(w) be the first derivative of -w**4/4 + 4*w**3/3 - w**2 - 2*w + 4. Suppose 0*c + 3*c - 2*h = -25, -4*c - 5*h = 18. Let r = 9 + c. Determine q(r).
2
Let p(k) = -k**3 + 3*k**2 - 2*k + 2. Let h = 1 - 17. Let j = h + 5. Let n be 1 + -5 - (j - -5). Determine p(n).
2
Let u(g) = -17*g - 13. Let k(p) = -38*p - 27. Let o(f) = 4*k(f) - 9*u(f). Give o(-9).
0
Let p(t) = -t**3 - 10*t**2 + 2*t. Let u be p(-10). Let d = -17 - u. Let k(n) = 2*n**2 - 3*n**2 + 6*n**2 - 6 + n**d - 7*n - n. Determine k(-6).
6
Let m be (-8)/(-16) - 18/(-4). Let w = -59 - -63. Suppose 2*c = 6*c + 16, m*c - w = 3*h. Let g(k) = k**2 + 8*k - 3. Give g(h).
-3
Let p(c) = 8*c**2 - 1. Suppose 48 + 0 = 12*y. Suppose -y*i = -z - 2, 4 = -z + 3*z. Give p(i).
7
Let o be (-2)/(-8) - (-175)/20. Suppose o = -12*v + 15*v. Let m(i) be the second derivative of i**4/12 - i**3/3 + 3*i**2/2 + 4*i. Give m(v).
6
Let w(i) = i**3 - 12*i**2 + 15*i - 4. Suppose -9 - 11 = -5*r. Let y(l) = -l**3 + 11*l**2 - 14*l + 5. Let o(p) = r*w(p) + 5*y(p). Calculate o(6).
-15
Suppose 0 = -v + 5*v + 4*l - 40, -2*v - l + 18 = 0. Suppose -q = -v + 17. Let w(z) = -z + 7. Give w(q).
16
Let q(u) = -3*u**2 + 54*u. Let x be q(18). Let l(k) = 3*k**2 - k + 0*k + 20 - 2*k**2. Give l(x).
20
Let n = 2 - -2. Suppose 0 = -4*u - 3*m + 1 - 3, n*u - 14 = 5*m. Let x(t) = -2*t**2 - t - 57 + 14*t**3 + 58 - 3*t**3 + t**2. Determine x(u).
10
Let z(i) = 5*i + 21. Suppose -4*n = -5*g + 63 - 14, 2*g = 10. Give z(n).
-9
Let f(i) = 2*i - 4. Let y be f(4). Let j(r) = -1 + 2*r + r - 3 - y*r. Let p be (1 - (-1)/1)/(-1). What is j(p)?
-2
Let q(r) = r**3 + r**2 - r - 2. Let m = -6 - -4. Let j be q(m). Let k(l) = -346*l + 0 + 157*l - 1 + 192*l. What is k(j)?
-13
Let t(d) = -d**2 + 7*d + 36. Let q be t(10). Let f(m) = -m - 6. Give f(q).
-12
Let u(s) = s**2 + 5*s - 4. Let b(z) be the second derivative of -z**5/20 - 5*z**4/12 - 3*z**2/2 + 41*z. Let v be b(-5). Give u(v).
-10
Let u(f) = 4*f**2 - 7*f + 20. Let n(l) = l**2 - 2*l - 2. Let x(j) = 3*n(j) - u(j). What is x(0)?
-26
Let i(r) be the second derivative of -r**5/4 + r**4/12 + r**3/3 - 3*r**2/2 + 3*r - 5. Determine i(2).
-35
Let n be 0/(2 + (-1 - 3 - 0)). Suppose 8*c + 6 - 6 = n. Let h(u) be the third derivative of u**4/24 + u**3/3 + u**2. Determine h(c).
2
Let n(b) = 4*b + 2. Let d(f) = 6*f**3 + f**2 - f. Let v = -19 - -18. Let u be d(v). What is n(u)?
-14
Let z(b) be the first derivative of b**2 + 1 - 6*b + 5 - 14 + 0*b**2. Determine z(6).
6
Let p(m) = -2*m - 1. Suppose 1 = -5*a + 11. Suppose -w = -a*w. Let f be (-10)/(-15)*(w - 6). Determine p(f).
7
Suppose -4*z = -3*c + 47, -43*z + 4*c = -45*z + 4. Let d(y) = 7*y**2 + 23*y - 10. Let r(b) = -11*b**2 - 35*b + 15. Let l(g) = -8*d(g) - 5*r(g). What is l(z)?
13
Let k(s) = -19 + 5*s + 19 + 6. Let q be k(-2). Let h(w) be the third derivative of -w**4/24 + w**3/3 - w**2. Calculate h(q).
6
Let u(b) = -3*b + 3. Suppose -6 = -3*h - 3*y, -h + 2*h - y = 6. Determine u(h).
-9
Let h = -67 + 61. Let m be 6/h*(-3 + -1). Let r(j) = 2*j**2 - 4*j - 2. Give r(m).
14
Let m(k) = 37*k**3 + 5*k**2 + 1. Let z(d) = -110*d**3 - 17*d**2 - 4. Let u(b) = -7*m(b) - 2*z(b). Determine u(-1).
39
Let s(t) = -t**2 + 10*t - 4. Let c be (-1 - 49)/(-5)*1. Give s(c).
-4
Let r(v) = -3*v**2 - 2. Let a(x) = 2*x**2 + 26*x - 31. Let m be a(-14). Calculate r(m).
-29
Let k(z) = -5*z**2 + 15*z + 20. Let o(y) = 2*y**2 - y - 4. Let j(u) = -k(u) - 3*o(u). Determine j(-12).
-8
Let a(s) = 8*s + 7. Let l(p) = -34*p - p**2 + 21*p - 1 + 14*p. Let q(u) = a(u) + l(u). Give q(9).
6
Let w(j) = -j**3 - 6*j**2 - 6*j - 1. Let v be ((2 + (-4)/2)/2)/(-3). Let u be -1 + (-1 - 0 - v) + -3. Calculate w(u).
4
Let i(t) = t - t - 4 + 5 + 2*t. Calculate i(-7).
-13
Let u(s) = s**2 - s + 1. Let l(i) = -i**2 - 2*i + 38. Let a be l(11). Let o = -102 - a. Give u(o).
7
Let m(u) be the first derivative of u**3/3 - 4*u**2 + 5*u - 6. Let z = -465 - -470. Give m(z).
-10
Let u(t) = 2*t**2 - 4*t. Let j(b) = 0*b - 6 + 10 + 2*b. Let g be j(-5). Let d = g - -9. What is u(d)?
6
Let y(q) = -9 - 1 + 6*q - 4*q. Let t be y(6). Let f(k) = -5*k + 2 - k**t - k + 1 + 0*k. Determine f(-5).
8
Let n(v) = -v**3 + 5*v**2 + 8*v - 6. Let m(y) = y**3 - y**2 + y + 21. Let f be m(0). Let p = -326 + 311. Let h = p + f. Determine n(h).
6
Let n(p) = 2*p - 4. Let g(j) be the first derivative of -j**4/4 + 10*j**3/3 - 3*j**2 - 22*j + 13. Let q be g(9). Determine n(q).
6
Suppose g + 5*f - 8 + 2 = 0, 3*g - 8 = -5*f. Let v be (21 - g)/(4 - 2). Let z(m) = v*m + 1 - 5*m + 0. Give z(2).
11
Let o(r) = 10 - 3*r + 7 + 7*r + 34 - 24. Give o(-6).
3
Let b(k) = 5*k**2 - 7*k - 9 - 7*k**2 - 1. Suppose -4*w - 6 = -2. Let t(i) = -i**2 - 1. Let a(n) = w*b(n) + t(n). Determine a(-6).
3
Suppose 8*d + 18 = -14. Let i(h) = -1 - 94*h - h**2 + 4 + 89*h + 0. What is i(d)?
7
Let a = -1053 - -1036. Let s(b) = -b**3 - 18*b**2 - 15*b + 40. What is s(a)?
6
Let k = 565 - 570. Let v(y) = y**3 + 4*y**2 - 3*y - 1. Give v(k).
-11
Let u(b) = b + 12. Let i = 143 + -152. Calculate u(i).
3
Suppose 2*d = 4*d - 12. Let o = 18 - d. Let u = o + -14. Let l(w) = w**3 + w**2 - w - 2. What is l(u)?
-4
Let c(m) = -m**3 + m**2 + m. Let q(d) = 5*d**2 + 3*d. Suppose 1 + 7 = 4*g. Suppose g*b + 1 = 3. Let s(k) = b*c(k) - q(k). What is s(-3)?
-3
Let x = 1921/12 + -160. Let s(h) be the second derivative of 1/2*h**2 + 0 + 2*h - 1/2*h**3 - x*h**4 + 1/10*h**5. Determine s(2).
7
Let k(m) = -2*m**2 - 4*m - 3. Let v(t) = -2*t + 6. Let g = 18 - 22. Let z be v(g). Suppose 4*p - z = f, 5*p = -8 + 23. What is k(f)?
-3
Let h = -24 + 61. Suppose 3*m + h = 4*m. Suppose 5*y + 0*y = 4*u - m, 0 = 5*u + 4*y + 5. Let o(f) = 3*f + 4. Calculate o(u).
13
Let w(r) = r**2 + 9*r - 20. Suppose -9*b - 16 - 83 = 0. What is w(b)?
2
Let v(d) = 2*d**2 + 25*d + 13. Let i be 18/((-7)/(-14)*-3). Calculate v(i).
1
Let x(u) = 16*u - 20 + 16*u - 33*u. Let k(n) = 1. Let c(j) = -2*k(j) + x(j). Give c(0).
-22
Let i(a) = -a**2 + 14*a. Let p(q) = 3*q**2 - 41*q + 1. Let h(m) = 17*i(m) + 6*p(m). Let d = -1187 - -1194. Determine h(d).
-1
Suppose -3*w - 2*q - 2*q = 3, 4*q = -12. Suppose 7*n = w*n. Let o(k) = n*k**2 - 3 + 8*k + k**2 + 5. Give o(-7).
-5
Let t(n) = -1 - 186*n + 98*n + 107*n. Give t(-1).
-20
Let v(p) = 2*p + 1. Let d(g) = g**3 + 3*g**2 - 3*g - 5. Let y be d(-3). Calculate v(y).
9
Let o = 24 + -27. Let t(j) = 4*j. Let y(r) = -7*r + 1. Let m(v) = o*y(v) - 5*t(v). What is m(6)?
3
Let q(l) be the third derivative of l**4/8 - l**3 + 7*l**2. Let w be (-36)/(-30)*(-30)/(-6). Calculate q(w).
12
Suppose 3*n + 6 = 0, 3 - 1 = 4*j - n. Let h(z) = z**2 + z - 6. What is h(j)?
-6
Let p(k) = -k**2 - 8*k + 7. Let a(f) = f - 4. Let w be a(4). Suppose w = 14*c - 9*c + 3*x + 49, -4*x = 5*c + 52. Determine p(c).
7
Let d(y) = -y**3 - 9*y**2 - 4*y - 37. Let x be d(-9). Let a(l) = -24*l**2 + l + 4. Let p(j) = -23*j**2 + j + 3. Let i(b) = 2*a(b) - 3*p(b). What is i(x)?
21
Let y(j) be the third derivative of -j**6/120 + 3*j**5/20 - j**4/3 + 5*j**3/6 + 7*j**2. Suppose k - 2*k + 18 = -5*u, 4*k - u = 34. Determine y(k).
5
Suppose 14*k = 10*k + 12. Let n(j) = -5 - 2*j - j**k + 4 + j. Let c be (2/(-6))/(-3 - (-40)/12). What is n(c)?
1
Let w(z) = z**2 - z - 4. Let b(x) be the third derivative of 1/2*x**3 + 0 + 9*x**2 - 1/60*x**5 + 0*x**4 + 0*x. Let m(c) = 4*b(c) + 3*w(c). Determine m(-4).
-4
Let a(q) = -2*q**3 - 5*q**2 + q + 1. Let k be a(1). Let t(l) = -l**2 + 3*l - 2. Calculate t(k).
-42
Suppose -74*j + 56 = -46*j. Let y(q) = -20*q + 1. Determine y(j).
-39
Let x(i) = -i**2 + 3*i - 4. Let j(n) = -2*n**2 + 6*n - 5. Let u(g) = 2*j(g) - 3*x(g). Calculate u(5).
-8
Let l(v) = -v**3 - 3*v**2 + v - 1. Suppose -q = -4*q + 129. Suppose p + q - 44 = 0. Let f be p/(((-4)/3)/4). Giv